e factors of 523.
523
What are the prime factors of 1493?
1493
List the prime factors of 7076.
2, 29, 61
List the prime factors of 6322.
2, 29, 109
List the prime factors of 21289.
61, 349
What are the prime factors of 390?
2, 3, 5, 13
List the prime factors of 6219.
3, 691
List the prime factors of 801.
3, 89
List the prime factors of 10063.
29, 347
List the prime factors of 1243.
11, 113
What are the prime factors of 19321?
139
What are the prime factors of 715?
5, 11, 13
List the prime factors of 4811.
17, 283
What are the prime factors of 28155?
3, 5, 1877
List the prime factors of 258.
2, 3, 43
What are the prime factors of 50634?
2, 3, 29, 97
What are the prime factors of 887?
887
List the prime factors of 178351.
178351
What are the prime factors of 6518?
2, 3259
What are the prime factors of 1449?
3, 7, 23
List the prime factors of 7179.
3, 2393
What are the prime factors of 1984?
2, 31
List the prime factors of 79752.
2, 3, 3323
List the prime factors of 389.
389
List the prime factors of 26510.
2, 5, 11, 241
List the prime factors of 7582.
2, 17, 223
What are the prime factors of 550?
2, 5, 11
List the prime factors of 1123.
1123
List the prime factors of 4838.
2, 41, 59
List the prime factors of 519.
3, 173
List the prime factors of 23269.
23269
List the prime factors of 35747.
35747
What are the prime factors of 4209?
3, 23, 61
List the prime factors of 76182.
2, 3, 12697
What are the prime factors of 2783?
11, 23
List the prime factors of 566.
2, 283
What are the prime factors of 22642?
2, 11321
List the prime factors of 128.
2
List the prime factors of 7251.
3, 2417
What are the prime factors of 88601?
41, 2161
List the prime factors of 20747.
20747
What are the prime factors of 35423?
35423
What are the prime factors of 1998?
2, 3, 37
List the prime factors of 72253.
72253
List the prime factors of 37757.
17, 2221
What are the prime factors of 1829?
31, 59
What are the prime factors of 11035?
5, 2207
List the prime factors of 3967.
3967
List the prime factors of 2907.
3, 17, 19
List the prime factors of 111.
3, 37
List the prime factors of 3371.
3371
List the prime factors of 40388.
2, 23, 439
List the prime factors of 1591.
37, 43
What are the prime factors of 4338?
2, 3, 241
List the prime factors of 5549.
31, 179
List the prime factors of 14744.
2, 19, 97
List the prime factors of 1005.
3, 5, 67
What are the prime factors of 1232?
2, 7, 11
What are the prime factors of 120523?
13, 73, 127
What are the prime factors of 1578?
2, 3, 263
What are the prime factors of 3523?
13, 271
What are the prime factors of 827?
827
List the prime factors of 1232.
2, 7, 11
What are the prime factors of 85670?
2, 5, 13, 659
List the prime factors of 64875.
3, 5, 173
List the prime factors of 2624.
2, 41
List the prime factors of 21588.
2, 3, 7, 257
List the prime factors of 32634.
2, 3, 7, 37
What are the prime factors of 166207?
166207
List the prime factors of 147777.
3, 7, 31, 227
What are the prime factors of 1082?
2, 541
List the prime factors of 3869.
53, 73
List the prime factors of 2955.
3, 5, 197
List the prime factors of 75781.
75781
What are the prime factors of 13758?
2, 3, 2293
List the prime factors of 3912.
2, 3, 163
What are the prime factors of 2502?
2, 3, 139
List the prime factors of 19746.
2, 3, 1097
What are the prime factors of 5007?
3, 1669
What are the prime factors of 14043?
3, 31, 151
What are the prime factors of 18332?
2, 4583
List the prime factors of 1871.
1871
List the prime factors of 22938.
2, 3, 3823
List the prime factors of 1300.
2, 5, 13
What are the prime factors of 3580?
2, 5, 179
What are the prime factors of 154?
2, 7, 11
List the prime factors of 2966.
2, 1483
List the prime factors of 526.
2, 263
What are the prime factors of 19898?
2, 9949
List the prime factors of 1103.
1103
List the prime factors of 33504.
2, 3, 349
What are the prime factors of 129?
3, 43
What are the prime factors of 1376?
2, 43
What are the prime factors of 1177?
11, 107
What are the prime factors of 3632?
2, 227
What are the prime factors of 1196?
2, 13, 23
What are the prime factors of 2966?
2, 1483
List the prime factors of 557.
557
What are the prime factors of 1883?
7, 269
What are the prime factors of 170?
2, 5, 17
What are the prime factors of 6300?
2, 3, 5, 7
List the prime factors of 697.
17, 41
List the prime factors of 15770.
2, 5, 19, 83
List the prime factors of 15008.
2, 7, 67
List the prime factors of 15609.
3, 11, 43
List the prime factors of 7660.
2, 5, 383
What are the prime factors of 33464?
2, 47, 89
What are the prime factors of 1044?
2, 3, 29
What are the prime factors of 4018?
2, 7, 41
What are the prime factors of 2084?
2, 521
List the prime factors of 1813.
7, 37
List the prime factors of 16247.
7, 11, 211
What are the prime factors of 5557?
5557
What are the prime factors of 2338?
2, 7, 167
What are the prime factors of 1683?
3, 11, 17
What are the prime factors of 1081?
23, 47
List the prime factors of 10292.
2, 31, 83
List the prime factors of 1693.
1693
List the prime factors of 29299.
83, 353
What are the prime factors of 1658?
2, 829
What are the prime factors of 1826?
2, 11, 83
List the prime factors of 82391.
47, 1753
List the prime factors of 503.
503
List the prime factors of 632.
2, 79
What are the prime factors of 490?
2, 5, 7
What are the prime factors of 1305?
3, 5, 29
List the prime factors of 30573.
3, 43, 79
What are the prime factors of 879?
3, 293
What are the prime factors of 308?
2, 7, 11
List the prime factors of 70955.
5, 23, 617
List the prime factors of 10413.
3, 13, 89
What are the prime factors of 4135?
5, 827
What are the prime factors of 17939?
17939
What are the prime factors of 88?
2, 11
What are the prime factors of 1591?
37, 43
List the prime factors of 223.
223
List the prime factors of 22916.
2, 17, 337
List the prime factors of 2756.
2, 13, 53
List the prime factors of 1552.
2, 97
What are the prime factors of 17252?
2, 19, 227
List the prime factors of 3115.
5, 7, 89
What are the prime factors of 3419?
13, 263
List the prime factors of 4958.
2, 37, 67
List the prime factors of 12669.
3, 41, 103
List the prime factors of 5549.
31, 179
What are the prime factors of 875?
5, 7
What are the prime factors of 6842?
2, 11, 311
List the prime factors of 19261.
11, 17, 103
What are the prime factors of 30926?
2, 7, 47
What are the prime factors of 695?
5, 139
List the prime factors of 24247.
24247
What are the prime factors of 5930?
2, 5, 593
What are the prime factors of 2241?
3, 83
List the prime factors of 5500.
2, 5, 11
List the prime factors of 2805.
3, 5, 11, 17
What are the prime factors of 4447?
4447
List the prime factors of 1187.
1187
List the prime factors of 100.
2, 5
List the prime factors of 953.
953
What are the prime factors of 26821?
26821
List the prime factors of 1615.
5, 17, 19
What are the prime factors of 2512?
2, 157
List the prime factors of 81798.
2, 3, 13633
List the prime factors of 950.
2, 5, 19
List the prime factors of 1210.
2, 5, 11
List the prime factors of 13005.
3, 5, 17
List the prime factors of 69077.
67, 1031
List the prime factors of 17367.
3, 7, 827
List the prime factors of 2347.
2347
What are the prime factors of 150165?
3, 5, 47, 71
What are the prime factors of 135?
3, 5
List the prime factors of 5190.
2, 3, 5, 173
List the prime factors of 10155.
3, 5, 677
List the prime factors of 20179.
17, 1187
List the prime factors of 428.
2, 107
List the prime factors of 866.
2, 433
What are the prime factors of 1344?
2, 3, 7
List the prime factors of 25979.
83, 313
What are the prime factors of 45871?
7, 6553
What are the prime factors of 8635?
5, 11, 157
List the prime factors of 995.
5, 199
List the prime factors of 49595.
5, 7, 13, 109
List the prime factors of 9557.
19, 503
List the prime factors of 9284.
2, 11, 211
List the prime factors of 1192.
2, 149
What are the prime factors of 1724?
2, 431
List the prime factors of 40261.
13, 19, 163
What are the prime factors of 93452?
2, 61, 383
What are the prime factors of 124946?
2, 62473
List the prime factors of 529.
23
List the prime factors of 26920.
2, 5, 673
What are the prime factors of 3756?
2, 3, 313
List the prime factors of 1289.
1289
What are the prime factors of 8419?
8419
List 